{"id":50,"date":"2026-01-13T14:55:37","date_gmt":"2026-01-13T14:55:37","guid":{"rendered":"https:\/\/melissasbaberkane.com\/?page_id=50"},"modified":"2026-01-14T15:45:28","modified_gmt":"2026-01-14T15:45:28","slug":"les-livres","status":"publish","type":"page","link":"https:\/\/melissasbaberkane.com\/index.php\/les-livres\/","title":{"rendered":"Les livres"},"content":{"rendered":"\n<h2 class=\"wp-block-heading\">Le choix de l&rsquo;\u00e9claireur<\/h2>\n\n\n<div class=\"wp-block-image\">\n<figure class=\"alignright size-full\"><img loading=\"lazy\" decoding=\"async\" width=\"500\" height=\"631\" src=\"https:\/\/melissasbaberkane.com\/wp-content\/uploads\/2026\/01\/livre-le-choix-de-eclaireur-de-melissa-aberkane.jpg\" alt=\"\" class=\"wp-image-79\" srcset=\"https:\/\/melissasbaberkane.com\/wp-content\/uploads\/2026\/01\/livre-le-choix-de-eclaireur-de-melissa-aberkane.jpg 500w, https:\/\/melissasbaberkane.com\/wp-content\/uploads\/2026\/01\/livre-le-choix-de-eclaireur-de-melissa-aberkane-238x300.jpg 238w\" sizes=\"auto, (max-width: 500px) 100vw, 500px\" \/><\/figure>\n<\/div>\n\n\n<p>Lorenzo est un jeune homme discret et solitaire. Il vit dans un monde paisible et sans histoires o\u00f9 la guerre, la famine et m\u00eame la col\u00e8re ont disparu. Du moins, en apparence.<br>Du jour au lendemain, il d\u00e9couvre qu\u2019il est l\u2019un des \u00ab \u00e9lus\u00a0\u00bb de son monde, dont le destin est d\u00e9sormais li\u00e9 \u00e0 celui de plusieurs plan\u00e8tes confront\u00e9es \u00e0 des envahisseurs myst\u00e9rieux aux intentions inconnues.<\/p>\n\n\n\n<p>Pour se procurer le livre  : <a href=\"https:\/\/www.editions-spinelle.com\/index.php\/litterature\/litterature-generale\/science-fiction\/le-choix-de-l-eclaireur\" data-type=\"link\" data-id=\"https:\/\/www.editions-spinelle.com\/index.php\/litterature\/litterature-generale\/science-fiction\/le-choix-de-l-eclaireur\">https:\/\/www.editions-spinelle.com\/index.php\/litterature\/litterature-generale\/science-fiction\/le-choix-de-l-eclaireur<\/a><\/p>\n\n\n\n<hr class=\"wp-block-separator has-alpha-channel-opacity\"\/>\n\n\n\n<p><\/p>\n","protected":false},"excerpt":{"rendered":"<p>Le choix de l&rsquo;\u00e9claireur Lorenzo est un jeune homme discret et solitaire. Il vit dans un monde paisible et sans histoires o\u00f9 la guerre, la famine et m\u00eame la col\u00e8re ont disparu. Du moins, en apparence.Du jour au lendemain, il d\u00e9couvre qu\u2019il est l\u2019un des \u00ab \u00e9lus\u00a0\u00bb de son monde, dont le destin est d\u00e9sormais &hellip; <\/p>\n<p class=\"link-more\"><a href=\"https:\/\/melissasbaberkane.com\/index.php\/les-livres\/\" class=\"more-link\">Continuer la lecture<span class=\"screen-reader-text\"> de &laquo;&nbsp;Les livres&nbsp;&raquo;<\/span><\/a><\/p>\n","protected":false},"author":1,"featured_media":0,"parent":0,"menu_order":0,"comment_status":"closed","ping_status":"closed","template":"","meta":{"footnotes":""},"class_list":["post-50","page","type-page","status-publish","hentry"],"_links":{"self":[{"href":"https:\/\/melissasbaberkane.com\/index.php\/wp-json\/wp\/v2\/pages\/50","targetHints":{"allow":["GET"]}}],"collection":[{"href":"https:\/\/melissasbaberkane.com\/index.php\/wp-json\/wp\/v2\/pages"}],"about":[{"href":"https:\/\/melissasbaberkane.com\/index.php\/wp-json\/wp\/v2\/types\/page"}],"author":[{"embeddable":true,"href":"https:\/\/melissasbaberkane.com\/index.php\/wp-json\/wp\/v2\/users\/1"}],"replies":[{"embeddable":true,"href":"https:\/\/melissasbaberkane.com\/index.php\/wp-json\/wp\/v2\/comments?post=50"}],"version-history":[{"count":4,"href":"https:\/\/melissasbaberkane.com\/index.php\/wp-json\/wp\/v2\/pages\/50\/revisions"}],"predecessor-version":[{"id":95,"href":"https:\/\/melissasbaberkane.com\/index.php\/wp-json\/wp\/v2\/pages\/50\/revisions\/95"}],"wp:attachment":[{"href":"https:\/\/melissasbaberkane.com\/index.php\/wp-json\/wp\/v2\/media?parent=50"}],"curies":[{"name":"wp","href":"https:\/\/api.w.org\/{rel}","templated":true}]}}